{"id":100001391,"date":"2021-10-16T14:54:03","date_gmt":"2021-10-16T12:54:03","guid":{"rendered":"https:\/\/pto.navigare.net.pl\/?page_id=100001391"},"modified":"2024-11-15T19:55:01","modified_gmt":"2024-11-15T18:55:01","slug":"aktualnosci","status":"publish","type":"page","link":"https:\/\/pto.navigare.net.pl\/?page_id=100001391","title":{"rendered":"Aktualno\u015bci"},"content":{"rendered":"<div class=\"wpb-content-wrapper\"><p>[vc_row][vc_column]\t\t\n\n\t\t<div id=\"gp_posts_wrapper_1\" class=\"gp-posts-wrapper gp-ajax-element gp-posts-columns-2 gp-style-modern gp-align-left gp-no-ranking\" data-type=\"posts\" data-currentpostid=\"100001391\" data-posttypes=\"post\" data-cats=\"Aktualno\u015bci, Konferencje, Szkolenia\" data-format=\"gp-posts-columns-2\" data-style=\"gp-style-modern\" data-orderby=\"newest\" data-perpage=\"9\" data-imagesize=\"gp_column_image\" data-contentdisplay=\"excerpt\" data-metadate=\"1\" data-metacats=\"1\" data-readmorelink=\"disabled\" data-pagination=\"page-numbers\" data-pagearrows=\"disabled\" data-ranking=\"gp-no-ranking\">\n\t\t\t\n\t\t\t<div class=\"gp-widget-title\">\n\t\t\t\t\n\t\t\t\t\t\t\t\t\n\t\t\t\t\t\t\t\t\t\n\t\t\t\t\t\t\t\t\t\t\t\t\t\t\t\t\t\t\t\t\t\t\t\t\t\t\n\t\t\t\t\t\t\n\t\t\t<\/div>\n\t\t\t\n\t\t\t\t\t\t\t\n\t\t\t\t<div class=\"gp-section-loop gp-ajax-loop\">\n\n\t\t\t\t\t\t\t\t\t\n\t\t\t\t\t<div class=\"gp-section-loop-inner\">\t\t\t\t\t\t\t\n\n\t\t\t\t\t\t\t\t\t\t\t\n\t\t\t\t\t\t\n<section class=\"gp-post-item post-100002206 post type-post status-publish format-standard category-aktualnosci tag-article tag-blog tag-theme tag-themeforest tag-wordpress\">\n\n\t\t\n\n\t\t\t\n\n\t\n\t<div class=\"gp-loop-content\">\n\n\t\t\n\t\t<h2 class=\"gp-loop-title\"><a href=\"https:\/\/pto.navigare.net.pl\/?p=100002206\" title=\"O\u015bwiadczenie Polskiego Towarzystwa Ortodontycznego dotycz\u0105ce ortotropii\">O\u015bwiadczenie Polskiego Towarzystwa Ortodontycznego dotycz\u0105ce ortotropii<\/a><\/h2>\n\n\t\t\n\t<div class=\"gp-loop-meta\">\n\n\t\t\n\t\t\t\n\t\t\t<span class=\"gp-post-meta gp-meta-date\"><a href=\"https:\/\/pto.navigare.net.pl\/?p=100002206\" title=\"O\u015bwiadczenie Polskiego Towarzystwa Ortodontycznego dotycz\u0105ce ortotropii\"><time datetime=\"2025-05-26T12:49:25+02:00\">26 maja 2025<\/time><\/a><\/span>\n\t\t\n\t\t\n\t\t\t\t\n\n\t\t\n\t\t\t\t\t<span class=\"gp-post-meta gp-meta-cats\"><a href=\"https:\/\/pto.navigare.net.pl\/?cat=53\">Aktualno\u015bci<\/a><\/span>\n\t\t\t\n\t<\/div>\n\n\t\t\n\t\t\n\t\t\t\n\t\t\t\n\n\t\t\n\t\t\n\t<\/div>\t\n\n<\/section>\n<section class=\"gp-post-item post-100002052 post type-post status-publish format-standard category-konferencje\">\n\n\t\t\n\n\t\t\t\n\n\t\n\t<div class=\"gp-loop-content\">\n\n\t\t\n\t\t<h2 class=\"gp-loop-title\"><a href=\"https:\/\/pto.navigare.net.pl\/?p=100002052\" title=\"Rozbudowa podniebienia: dlaczego, kiedy i w jaki spos\u00f3b. Techniki i protoko\u0142y wg grup wiekowych\">Rozbudowa podniebienia: dlaczego, kiedy i w jaki spos\u00f3b. Techniki i protoko\u0142y wg grup wiekowych<\/a><\/h2>\n\n\t\t\n\t<div class=\"gp-loop-meta\">\n\n\t\t\n\t\t\t\n\t\t\t<span class=\"gp-post-meta gp-meta-date\"><a href=\"https:\/\/pto.navigare.net.pl\/?p=100002052\" title=\"Rozbudowa podniebienia: dlaczego, kiedy i w jaki spos\u00f3b. Techniki i protoko\u0142y wg grup wiekowych\"><time datetime=\"2024-11-15T16:44:59+01:00\">15 listopada 2024<\/time><\/a><\/span>\n\t\t\n\t\t\n\t\t\t\t\n\n\t\t\n\t\t\t\t\t<span class=\"gp-post-meta gp-meta-cats\"><a href=\"https:\/\/pto.navigare.net.pl\/?cat=52\">Konferencje<\/a><\/span>\n\t\t\t\n\t<\/div>\n\n\t\t\n\t\t\n\t\t\t\n\t\t\t\n\n\t\t\n\t\t\n\t<\/div>\t\n\n<\/section>\n<section class=\"gp-post-item post-100001876 post type-post status-publish format-standard category-szkolenia\">\n\n\t\t\n\n\t\t\t\n\n\t\n\t<div class=\"gp-loop-content\">\n\n\t\t\n\t\t<h2 class=\"gp-loop-title\"><a href=\"https:\/\/pto.navigare.net.pl\/?p=100001876\" title=\"Biomechanika niwelacji i szeregowania z\u0119b\u00f3w\">Biomechanika niwelacji i szeregowania z\u0119b\u00f3w<\/a><\/h2>\n\n\t\t\n\t<div class=\"gp-loop-meta\">\n\n\t\t\n\t\t\t\n\t\t\t<span class=\"gp-post-meta gp-meta-date\"><a href=\"https:\/\/pto.navigare.net.pl\/?p=100001876\" title=\"Biomechanika niwelacji i szeregowania z\u0119b\u00f3w\"><time datetime=\"2024-06-06T15:57:49+02:00\">6 czerwca 2024<\/time><\/a><\/span>\n\t\t\n\t\t\n\t\t\t\t\n\n\t\t\n\t\t\t\t\t<span class=\"gp-post-meta gp-meta-cats\"><a href=\"https:\/\/pto.navigare.net.pl\/?cat=66\">Szkolenia<\/a><\/span>\n\t\t\t\n\t<\/div>\n\n\t\t\n\t\t\n\t\t\t\n\t\t\t\n\n\t\t\n\t\t\n\t<\/div>\t\n\n<\/section>\n<section class=\"gp-post-item post-100001874 post type-post status-publish format-standard category-szkolenia\">\n\n\t\t\n\n\t\t\t\n\n\t\n\t<div class=\"gp-loop-content\">\n\n\t\t\n\t\t<h2 class=\"gp-loop-title\"><a href=\"https:\/\/pto.navigare.net.pl\/?p=100001874\" title=\"Pacjenci z dysfunkcj\u0105 SS\u017b oraz po zabiegach ortognatycznych Rola fizjoterapeuty w zespole\">Pacjenci z dysfunkcj\u0105 SS\u017b oraz po zabiegach ortognatycznych Rola fizjoterapeuty w zespole<\/a><\/h2>\n\n\t\t\n\t<div class=\"gp-loop-meta\">\n\n\t\t\n\t\t\t\n\t\t\t<span class=\"gp-post-meta gp-meta-date\"><a href=\"https:\/\/pto.navigare.net.pl\/?p=100001874\" title=\"Pacjenci z dysfunkcj\u0105 SS\u017b oraz po zabiegach ortognatycznych Rola fizjoterapeuty w zespole\"><time datetime=\"2024-06-06T15:17:52+02:00\">6 czerwca 2024<\/time><\/a><\/span>\n\t\t\n\t\t\n\t\t\t\t\n\n\t\t\n\t\t\t\t\t<span class=\"gp-post-meta gp-meta-cats\"><a href=\"https:\/\/pto.navigare.net.pl\/?cat=66\">Szkolenia<\/a><\/span>\n\t\t\t\n\t<\/div>\n\n\t\t\n\t\t\n\t\t\t\n\t\t\t\n\n\t\t\n\t\t\n\t<\/div>\t\n\n<\/section>\n<section class=\"gp-post-item post-100001871 post type-post status-publish format-standard category-szkolenia\">\n\n\t\t\n\n\t\t\t\n\n\t\n\t<div class=\"gp-loop-content\">\n\n\t\t\n\t\t<h2 class=\"gp-loop-title\"><a href=\"https:\/\/pto.navigare.net.pl\/?p=100001871\" title=\"W\u0119dzide\u0142ko j\u0119zyka pi\u0119t\u0105 Achillesow\u0105 naszej pracy?\">W\u0119dzide\u0142ko j\u0119zyka pi\u0119t\u0105 Achillesow\u0105 naszej pracy?<\/a><\/h2>\n\n\t\t\n\t<div class=\"gp-loop-meta\">\n\n\t\t\n\t\t\t\n\t\t\t<span class=\"gp-post-meta gp-meta-date\"><a href=\"https:\/\/pto.navigare.net.pl\/?p=100001871\" title=\"W\u0119dzide\u0142ko j\u0119zyka pi\u0119t\u0105 Achillesow\u0105 naszej pracy?\"><time datetime=\"2024-06-06T15:15:04+02:00\">6 czerwca 2024<\/time><\/a><\/span>\n\t\t\n\t\t\n\t\t\t\t\n\n\t\t\n\t\t\t\t\t<span class=\"gp-post-meta gp-meta-cats\"><a href=\"https:\/\/pto.navigare.net.pl\/?cat=66\">Szkolenia<\/a><\/span>\n\t\t\t\n\t<\/div>\n\n\t\t\n\t\t\n\t\t\t\n\t\t\t\n\n\t\t\n\t\t\n\t<\/div>\t\n\n<\/section>\n<section class=\"gp-post-item post-100001863 post type-post status-publish format-standard category-konferencje\">\n\n\t\t\n\n\t\t\t\n\n\t\n\t<div class=\"gp-loop-content\">\n\n\t\t\n\t\t<h2 class=\"gp-loop-title\"><a href=\"https:\/\/pto.navigare.net.pl\/?p=100001863\" title=\"10th International Orthodontic Congress\">10th International Orthodontic Congress<\/a><\/h2>\n\n\t\t\n\t<div class=\"gp-loop-meta\">\n\n\t\t\n\t\t\t\n\t\t\t<span class=\"gp-post-meta gp-meta-date\"><a href=\"https:\/\/pto.navigare.net.pl\/?p=100001863\" title=\"10th International Orthodontic Congress\"><time datetime=\"2024-06-06T14:43:45+02:00\">6 czerwca 2024<\/time><\/a><\/span>\n\t\t\n\t\t\n\t\t\t\t\n\n\t\t\n\t\t\t\t\t<span class=\"gp-post-meta gp-meta-cats\"><a href=\"https:\/\/pto.navigare.net.pl\/?cat=52\">Konferencje<\/a><\/span>\n\t\t\t\n\t<\/div>\n\n\t\t\n\t\t\n\t\t\t\n\t\t\t\n\n\t\t\n\t\t\n\t<\/div>\t\n\n<\/section>\n<section class=\"gp-post-item post-100001861 post type-post status-publish format-standard category-konferencje\">\n\n\t\t\n\n\t\t\t\n\n\t\n\t<div class=\"gp-loop-content\">\n\n\t\t\n\t\t<h2 class=\"gp-loop-title\"><a href=\"https:\/\/pto.navigare.net.pl\/?p=100001861\" title=\"25. Zjazd Polskiego Towarzystwa Ortodontycznego\">25. Zjazd Polskiego Towarzystwa Ortodontycznego<\/a><\/h2>\n\n\t\t\n\t<div class=\"gp-loop-meta\">\n\n\t\t\n\t\t\t\n\t\t\t<span class=\"gp-post-meta gp-meta-date\"><a href=\"https:\/\/pto.navigare.net.pl\/?p=100001861\" title=\"25. Zjazd Polskiego Towarzystwa Ortodontycznego\"><time datetime=\"2024-06-06T13:25:44+02:00\">6 czerwca 2024<\/time><\/a><\/span>\n\t\t\n\t\t\n\t\t\t\t\n\n\t\t\n\t\t\t\t\t<span class=\"gp-post-meta gp-meta-cats\"><a href=\"https:\/\/pto.navigare.net.pl\/?cat=52\">Konferencje<\/a><\/span>\n\t\t\t\n\t<\/div>\n\n\t\t\n\t\t\n\t\t\t\n\t\t\t\n\n\t\t\n\t\t\n\t<\/div>\t\n\n<\/section>\n<section class=\"gp-post-item post-100001858 post type-post status-publish format-standard category-konferencje\">\n\n\t\t\n\n\t\t\t\n\n\t\n\t<div class=\"gp-loop-content\">\n\n\t\t\n\t\t<h2 class=\"gp-loop-title\"><a href=\"https:\/\/pto.navigare.net.pl\/?p=100001858\" title=\"Po\u017cegnanie Profesor Anny Komorowskiej\">Po\u017cegnanie Profesor Anny Komorowskiej<\/a><\/h2>\n\n\t\t\n\t<div class=\"gp-loop-meta\">\n\n\t\t\n\t\t\t\n\t\t\t<span class=\"gp-post-meta gp-meta-date\"><a href=\"https:\/\/pto.navigare.net.pl\/?p=100001858\" title=\"Po\u017cegnanie Profesor Anny Komorowskiej\"><time datetime=\"2024-02-19T13:18:20+01:00\">19 lutego 2024<\/time><\/a><\/span>\n\t\t\n\t\t\n\t\t\t\t\n\n\t\t\n\t\t\t\t\t<span class=\"gp-post-meta gp-meta-cats\"><a href=\"https:\/\/pto.navigare.net.pl\/?cat=52\">Konferencje<\/a><\/span>\n\t\t\t\n\t<\/div>\n\n\t\t\n\t\t\n\t\t\t\n\t\t\t\n\n\t\t\n\t\t\n\t<\/div>\t\n\n<\/section>\n<section class=\"gp-post-item post-100001708 post type-post status-publish format-standard category-konferencje\">\n\n\t\t\n\n\t\t\t\n\n\t\n\t<div class=\"gp-loop-content\">\n\n\t\t\n\t\t<h2 class=\"gp-loop-title\"><a href=\"https:\/\/pto.navigare.net.pl\/?p=100001708\" title=\"WARSAW ALIGNER MEETING\">WARSAW ALIGNER MEETING<\/a><\/h2>\n\n\t\t\n\t<div class=\"gp-loop-meta\">\n\n\t\t\n\t\t\t\n\t\t\t<span class=\"gp-post-meta gp-meta-date\"><a href=\"https:\/\/pto.navigare.net.pl\/?p=100001708\" title=\"WARSAW ALIGNER MEETING\"><time datetime=\"2023-06-07T11:16:07+02:00\">7 czerwca 2023<\/time><\/a><\/span>\n\t\t\n\t\t\n\t\t\t\t\n\n\t\t\n\t\t\t\t\t<span class=\"gp-post-meta gp-meta-cats\"><a href=\"https:\/\/pto.navigare.net.pl\/?cat=52\">Konferencje<\/a><\/span>\n\t\t\t\n\t<\/div>\n\n\t\t\n\t\t\n\t\t\t\n\t\t\t\n\n\t\t\n\t\t\n\t<\/div>\t\n\n<\/section>\t\t\t\t\t\t\n\t\t\t\t\t<\/div>\n\n\t\t\t\t\t<div class=\"gp-pagination gp-pagination-numbers gp-standard-pagination\"><ul class='page-numbers'>\n\t<li><span aria-current=\"page\" class=\"page-numbers current\">1<\/span><\/li>\n\t<li><a class=\"page-numbers\" href=\"https:\/\/pto.navigare.net.pl\/index.php?rest_route=%2Fwp%2Fv2%2Fpages%2F100001391&#038;paged=2\">2<\/a><\/li>\n\t<li><a class=\"next page-numbers\" href=\"https:\/\/pto.navigare.net.pl\/index.php?rest_route=%2Fwp%2Fv2%2Fpages%2F100001391&#038;paged=2\"><\/a><\/li>\n<\/ul>\n<\/div>\t\t\t\t\t\n\t\t\t\t<\/div>\t\n\t\t\t\t\t\t\t\t\t\t\t\t\t\t\t\t\t\t\n\t\t\t\t\n\t\t\t\t\t\t\t\t\t\t\n\t\t<\/div>\n\n\t\t\t\t\t\t\t\t\t\t\t\n\t\t[\/vc_column][\/vc_row]<\/p>\n<\/div>","protected":false},"excerpt":{"rendered":"<p>[vc_row][vc_column][\/vc_column][\/vc_row]<\/p>\n","protected":false},"author":1,"featured_media":100002072,"parent":0,"menu_order":0,"comment_status":"closed","ping_status":"closed","template":"","meta":{"_bbp_topic_count":0,"_bbp_reply_count":0,"_bbp_total_topic_count":0,"_bbp_total_reply_count":0,"_bbp_voice_count":0,"_bbp_anonymous_reply_count":0,"_bbp_topic_count_hidden":0,"_bbp_reply_count_hidden":0,"_bbp_forum_subforum_count":0,"footnotes":""},"categories":[47],"tags":[],"class_list":{"0":"post-100001391","1":"page","2":"type-page","3":"status-publish","4":"has-post-thumbnail","6":"category-boxy"},"_links":{"self":[{"href":"https:\/\/pto.navigare.net.pl\/index.php?rest_route=\/wp\/v2\/pages\/100001391","targetHints":{"allow":["GET"]}}],"collection":[{"href":"https:\/\/pto.navigare.net.pl\/index.php?rest_route=\/wp\/v2\/pages"}],"about":[{"href":"https:\/\/pto.navigare.net.pl\/index.php?rest_route=\/wp\/v2\/types\/page"}],"author":[{"embeddable":true,"href":"https:\/\/pto.navigare.net.pl\/index.php?rest_route=\/wp\/v2\/users\/1"}],"replies":[{"embeddable":true,"href":"https:\/\/pto.navigare.net.pl\/index.php?rest_route=%2Fwp%2Fv2%2Fcomments&post=100001391"}],"version-history":[{"count":46,"href":"https:\/\/pto.navigare.net.pl\/index.php?rest_route=\/wp\/v2\/pages\/100001391\/revisions"}],"predecessor-version":[{"id":100001873,"href":"https:\/\/pto.navigare.net.pl\/index.php?rest_route=\/wp\/v2\/pages\/100001391\/revisions\/100001873"}],"wp:featuredmedia":[{"embeddable":true,"href":"https:\/\/pto.navigare.net.pl\/index.php?rest_route=\/wp\/v2\/media\/100002072"}],"wp:attachment":[{"href":"https:\/\/pto.navigare.net.pl\/index.php?rest_route=%2Fwp%2Fv2%2Fmedia&parent=100001391"}],"wp:term":[{"taxonomy":"category","embeddable":true,"href":"https:\/\/pto.navigare.net.pl\/index.php?rest_route=%2Fwp%2Fv2%2Fcategories&post=100001391"},{"taxonomy":"post_tag","embeddable":true,"href":"https:\/\/pto.navigare.net.pl\/index.php?rest_route=%2Fwp%2Fv2%2Ftags&post=100001391"}],"curies":[{"name":"wp","href":"https:\/\/api.w.org\/{rel}","templated":true}]}}